f 12 and 232?
4
Calculate the greatest common divisor of 640 and 120.
40
What is the greatest common divisor of 26 and 195?
13
What is the highest common factor of 288 and 11616?
96
Calculate the highest common factor of 299 and 13.
13
What is the highest common divisor of 45 and 9?
9
What is the highest common factor of 192 and 672?
96
Calculate the greatest common divisor of 25 and 1025.
25
What is the highest common divisor of 2673 and 11?
11
What is the highest common divisor of 96 and 3?
3
Calculate the greatest common factor of 121 and 11.
11
Calculate the highest common divisor of 36 and 276.
12
What is the greatest common divisor of 833 and 595?
119
What is the greatest common divisor of 370 and 4699?
37
What is the greatest common factor of 12 and 28?
4
Calculate the greatest common divisor of 253 and 621.
23
Calculate the greatest common divisor of 32 and 248.
8
Calculate the highest common divisor of 57 and 57.
57
What is the greatest common divisor of 13 and 351?
13
Calculate the highest common factor of 697 and 187.
17
What is the greatest common factor of 66 and 122?
2
What is the greatest common factor of 144 and 198?
18
Calculate the greatest common divisor of 280 and 224.
56
What is the greatest common factor of 15 and 147?
3
What is the greatest common factor of 14 and 259?
7
Calculate the greatest common factor of 42 and 144.
6
What is the highest common divisor of 9515 and 55?
55
Calculate the highest common divisor of 72 and 8334.
18
What is the greatest common factor of 9 and 6219?
9
What is the greatest common divisor of 1045 and 209?
209
Calculate the highest common factor of 986 and 58.
58
Calculate the greatest common divisor of 403 and 13.
13
What is the greatest common factor of 14 and 63?
7
Calculate the highest common divisor of 196 and 441.
49
Calculate the highest common factor of 228 and 3.
3
Calculate the greatest common divisor of 72 and 19674.
18
What is the greatest common divisor of 40 and 2640?
40
Calculate the highest common divisor of 89 and 21271.
89
What is the highest common divisor of 3451 and 609?
203
Calculate the greatest common divisor of 1080 and 40.
40
What is the highest common factor of 1474 and 88?
22
Calculate the highest common divisor of 12 and 372.
12
What is the highest common factor of 508 and 1651?
127
Calculate the highest common factor of 15483 and 39.
39
Calculate the highest common factor of 342 and 918.
18
Calculate the greatest common divisor of 744 and 31.
31
Calculate the greatest common divisor of 43 and 22747.
43
Calculate the highest common factor of 14 and 10.
2
What is the greatest common divisor of 100 and 6250?
50
Calculate the highest common divisor of 45 and 72.
9
Calculate the greatest common divisor of 18 and 3042.
18
Calculate the highest common factor of 265 and 106.
53
What is the greatest common factor of 55 and 15?
5
What is the greatest common factor of 160 and 3220?
20
What is the highest common divisor of 4 and 1108?
4
What is the highest common factor of 416 and 1534?
26
What is the highest common factor of 1666 and 17?
17
What is the highest common factor of 490 and 20?
10
Calculate the greatest common divisor of 598 and 92.
46
Calculate the greatest common divisor of 969 and 57.
57
What is the greatest common divisor of 3497 and 91?
13
What is the highest common factor of 85 and 68?
17
What is the highest common divisor of 42 and 48?
6
Calculate the greatest common divisor of 6 and 4.
2
Calculate the greatest common divisor of 1863 and 46.
23
What is the greatest common factor of 6023 and 19?
19
What is the greatest common factor of 140 and 602?
14
What is the highest common factor of 392 and 84?
28
What is the highest common divisor of 260 and 104?
52
What is the highest common factor of 19 and 4237?
19
What is the highest common divisor of 154 and 56?
14
What is the highest common factor of 92 and 2576?
92
Calculate the highest common factor of 1701 and 324.
81
What is the greatest common factor of 72 and 162?
18
Calculate the greatest common divisor of 49 and 343.
49
What is the greatest common factor of 4 and 106?
2
Calculate the highest common divisor of 943 and 23.
23
What is the highest common factor of 44 and 1012?
44
What is the greatest common divisor of 146 and 2?
2
What is the highest common factor of 693 and 616?
77
Calculate the highest common factor of 425 and 25.
25
What is the highest common factor of 1872 and 221?
13
Calculate the greatest common divisor of 1309 and 22.
11
Calculate the highest common factor of 31 and 5177.
31
What is the highest common factor of 77 and 448?
7
What is the highest common divisor of 6 and 128?
2
Calculate the greatest common divisor of 700 and 7.
7
What is the highest common factor of 774 and 5074?
86
What is the highest common factor of 28720 and 40?
40
What is the greatest common factor of 129 and 473?
43
Calculate the greatest common divisor of 8207 and 87.
29
Calculate the highest common divisor of 81 and 9.
9
What is the greatest common divisor of 414 and 9?
9
What is the greatest common divisor of 3864 and 350?
14
What is the highest common factor of 23 and 253?
23
Calculate the greatest common divisor of 26 and 9022.
26
Calculate the greatest common factor of 17 and 14569.
17
Calculate the highest common divisor of 33 and 6.
3
Calculate the highest common divisor of 72 and 1125.
9
Calculate the highest common factor of 156 and 1443.
39
Calculate the greatest common divisor of 21 and 105.
21
Calculate the highest common divisor of 855 and 39900.
285
What is the highest common divisor of 237 and 39105?
237
What is the greatest common divisor of 41 and 1271?
41
Calculate the greatest common factor of 480 and 2160.
240
Calculate the greatest common divisor of 1781 and 13.
13
What is the greatest common divisor of 86 and 4601?
43
Calculate the greatest common factor of 111 and 165.
3
Calculate the greatest common factor of 19 and 779.
19
What is the greatest common divisor of 462 and 126?
42
What is the greatest common divisor of 7 and 1547?
7
What is the highest common factor of 235 and 141?
47
Calculate the highest common divisor of 27 and 2709.
9
What is the greatest common divisor of 32375 and 370?
185
Calculate the greatest common factor of 792 and 968.
88
Calculate the greatest common factor of 6532 and 92.
92
What is the greatest common factor of 40 and 584?
8
Calculate the highest common divisor of 8645 and 19.
19
What is the greatest common factor of 1206 and 18?
18
Calculate the highest common divisor of 33 and 17853.
33
What is the greatest common factor of 250 and 20?
10
What is the highest common factor of 84 and 24?
12
What is the greatest common factor of 405 and 45?
45
Calculate the highest common factor of 13 and 169.
13
What is the highest common factor of 8820 and 36?
36
What is the highest common factor of 162 and 390?
6
What is the highest common factor of 175 and 3475?
25
What is the greatest common factor of 3276 and 1260?
252
What is the highest common factor of 630 and 120?
30
What is the highest common factor of 40 and 10?
10
Calculate the highest common divisor of 205 and 5.
5
Calculate the greatest common factor of 80 and 2896.
16
What is the greatest common divisor of 360 and 264?
24
Calculate the greatest common divisor of 957 and 297.
33
Calculate the greatest common factor of 39 and 3055.
13
What is the greatest common divisor of 2139 and 23?
23
Calculate the highest common factor of 11 and 16973.
11
Calculate the highest common divisor of 114 and 15105.
57
Calculate the highest common divisor of 837 and 372.
93
What is the greatest common factor of 693 and 495?
99
What is the highest common divisor of 1068 and 24?
12
Calculate the highest common factor of 264 and 4136.
88
What is the greatest common divisor of 200 and 40?
40
Calculate the highest common factor of 9145 and 310.
155
Calculate the greatest common divisor of 285 and 30.
15
Calculate the highest common divisor of 160209 and 63.
63
What is the highest common factor of 1078 and 8008?
154
Calculate the greatest common divisor of 640 and 64.
64
What is the greatest common divisor of 11 and 1199?
11
Calculate the highest common factor of 204 and 156.
12
Calculate the highest common factor of 310 and 155.
155
